 of 0 + z*b**4 + 10*b**2 + 0*b + 1/6*b**3. Give a(7).
15
Let t(a) = a - 16. Suppose -88*l - 4*j + 4 = -83*l, -3*j = 3*l - 3. What is t(l)?
-16
Let u(d) = d**2 + 3*d - 34. Let z(k) = 2*k**2 - 61*k + 255. Let y be z(5). Calculate u(y).
-34
Let v(m) be the second derivative of m**6/120 - m**5/12 - m**4/24 + 7*m**3/6 + 50*m**2 - m + 244. Let h(n) be the first derivative of v(n). What is h(5)?
2
Let g = -255 - -258. Suppose 0 = 3*q - 2*y + 13, -4*y + 5 - g = 2*q. Let m(a) = 2*a**2 - a + 3. Calculate m(q).
24
Let d = -16 + 23. Let k(s) = -7 - d*s**2 - 8*s - s**3 + 28*s - 20*s. What is k(-7)?
-7
Let d(h) be the first derivative of h - 49 + 5/2*h**2. Let n = -5 - -8. Give d(n).
16
Let w(j) be the second derivative of j**5/20 + 7*j**4/12 + 3*j**3/2 - 11*j**2/2 + 5984*j - 1. What is w(-5)?
-6
Let b(m) = -2*m**3 + 86*m**2 + 6. Let q be b(43). Let f(u) = 8*u - 4*u**2 + u**2 + 1 - 2 + 2*u**2. Give f(q).
11
Let b(w) = 33*w - 51. Let x(j) = -31*j + 47. Let f(h) = 4*b(h) + 5*x(h). What is f(5)?
-84
Let y(g) be the second derivative of -g**4/12 - 2*g**3 - 81*g - 3. Determine y(-13).
-13
Let s(w) = -326*w + 581. Let b(z) = 178*z - 290. Let m(u) = -7*b(u) - 4*s(u). Determine m(5).
-4
Let u be -9*(-5 - (3 - -11)). Let l(o) = 171 - u - 6*o**2 + 2*o - 5*o. Let k be 4 - 2 - 16/4. Determine l(k).
-18
Let a(x) = -619*x + 3109. Let v be a(5). Let i(m) = -m**3 + 13*m**2 + 14*m - 15. Calculate i(v).
-15
Let x(y) = 9*y**3 + 2*y**2 + 5*y - 6. Let p be x(1). Let h(t) be the first derivative of -t**4/4 + 11*t**3/3 - 6*t**2 + 13*t - 34. Determine h(p).
-7
Let w(u) = -u**2 + 5*u + 8. Let l = -3228 + 3233. Give w(l).
8
Let b(s) be the first derivative of -1/4*s**4 + 0*s**2 - 8 + 0*s**3 - 2*s. Suppose -27 = 4*l + 3*m, -5*m - 16 = 2*l - 3*m. Determine b(l).
25
Let z(x) = 0*x + 33 + 17 - 2*x - 8. Let a be z(20). Let p(c) = -2*c**2 - c - 2. Calculate p(a).
-12
Let d(m) = -2*m**3 + 5*m**2 + 2*m - 3. Let x(p) = p**2 + p - 1. Let h = 21 + -13. Suppose -1 = -h*u + 9*u. Let b(a) = u*d(a) + 4*x(a). Determine b(2).
15
Let n(q) be the second derivative of -q**4/12 + 31*q**2/2 - 277*q. Give n(0).
31
Let i(z) = 31*z + 5. Let q be i(-9). Let t = q + 268. Let l(w) = -w**2 - 7*w - 5. Determine l(t).
1
Let h = 636 - 628. Let v(o) = -343*o**3 + o - h + 4*o**2 + 342*o**3 + 7*o. Determine v(6).
-32
Let k(n) = 46*n - 3. Let y(p) = -826*p + 58. Let i(x) = -18*k(x) - y(x). Let a = -6 - -4. What is i(a)?
0
Suppose -8 = h - 5*z, 2*h + z + 6 = 6*z. Suppose 4*r + 4*t = 28, -8 = 4*r + 2*t - 7*t. Let k(o) = -o**2 + o**2 + r*o**2 + h*o**3 - 5*o + o. Give k(-3).
-15
Let x(v) = 3*v - 1. Let y be x(-1). Let h(t) = -t. Let q(l) be the first derivative of -5*l**2/2 + 8*l + 14. Let i(k) = y*h(k) + q(k). Give i(0).
8
Let b(p) be the second derivative of 1 - 19*p + p**3 + 3/2*p**2. Give b(4).
27
Let u(l) = -l**3 - 4*l**2 + 6*l + 2. Let s = -3 - -23. Suppose -153*d = -157*d - s. What is u(d)?
-3
Let s(u) = u**3 - 8*u**2 - 1. Suppose 3*p + 1 + 11 = 0. Let v be 9 + p + (-2 - 0). Let f be 1 + v - (-6 + 2). Determine s(f).
-1
Let k be (-1 - -3)*(-10)/4. Let p(z) = -2*z**2 + 11*z + 7. Let w(b) = -11*b**2 + 65*b + 40. Let f(h) = -23*p(h) + 4*w(h). Give f(k).
14
Let u = 28 - 26. Suppose 2*s + s = -5*l + 25, -2 = l + 2*s. Let b(h) = -l + h + 3 + u. Determine b(0).
-3
Let k(b) = 45543*b + 1 + 0*b**2 - 45539*b + 8*b**2. What is k(-4)?
113
Let r be 2 + -6 - (1 - 3). Let d = 713 - 698. Let z(n) = -d*n**2 + 12*n**2 + 67*n - 68*n. Give z(r).
-10
Let b(p) = -12*p**3 + p**2 + 2*p + 2. Let f = -14256 + 14255. Determine b(f).
13
Let s(k) be the third derivative of -k**5/60 + 3*k**4/8 + k**3/3 - 120*k**2 + 2*k - 16. Let g be (8/6)/(4/30). Calculate s(g).
-8
Suppose 9*s = 10*s - 0*s. Let v(p) = 1811 - 1802 - p + s*p. Determine v(7).
2
Suppose 15*w + 12 = 19*w. Let i(c) = -17*c**w - 4 + 14*c**3 + 2*c**3 - 4*c - 5*c + 10*c**2. What is i(9)?
-4
Let c(a) = -a**2 + 12*a - 18. Let o be c(16). Let p = o + 83. Let h(g) = -8*g**2 + g. Calculate h(p).
-7
Let i be 8/(-15 + 7)*-206. Let y = i - 209. Let w(t) = -2*t**2. What is w(y)?
-18
Let n(q) = q - 7. Let i = 474 - 144. Suppose -322*w - 72 = -i*w. What is n(w)?
2
Suppose -2*n - n + 36 = 0. Let p(r) = 149*r - 4. Let i(d) = 186*d - 3. Let o(g) = -4*i(g) + 5*p(g). Calculate o(n).
4
Let h(n) = -3*n**2 - 27*n + 16. Let a(l) = 16*l**2 + 153*l - 81. Let j(m) = 2*a(m) + 11*h(m). What is j(11)?
-8
Suppose y + 7 - 3 = 0. Let w(n) be the third derivative of n**4/4 - n**3/2 - 42*n**2. Calculate w(y).
-27
Let m(h) = h**2 + h - 1. Let g = -87 + 87. Suppose -t + 6 - 5 = g. Let p(l) = l**2 + 3*l - 3. Let d be p(t). Give m(d).
1
Let m(u) = -u**3 + 4*u**2 - 2*u + 8. Suppose 18593 = 11*w + 18549. What is m(w)?
0
Let c(n) = 3*n**2 - 2*n. Suppose 56*b - 23*b = -330. Let f(d) = -5*d - 1. Let w be f(2). Let l be w/(-4) - b/40. Give c(l).
21
Let k = 2792 + -2783. Let o(j) = 4*j - 50. Determine o(k).
-14
Suppose -2*i = d - 1, -30*d = 5*i - 27*d - 4. Let z(b) = -6*b - 13. What is z(i)?
-7
Let h = 543 - 535. Let y(a) = -a**3 + 9*a**2 - 10*a - 5. Calculate y(h).
-21
Let b(m) = 6*m - 4. Let p(d) = -d**2 + 7. Let c(l) = -l**2 + 6*l + 30. Let s be c(8). Suppose -10*i + s*i = -8. Let v be p(i). Calculate b(v).
14
Suppose 0 = -31*i + 957 - 120. Suppose 14*z - i = 155. Let g(r) = -r**3 + 13*r**2 + r - 5. Determine g(z).
8
Let q(d) = 9*d - 7. Let z(y) = -12*y + 14. Let g(j) = -j + 2. Let f(s) = 6*g(s) - 2*z(s). Let v(t) = 3*f(t) - 7*q(t). Give v(3).
-26
Let p(n) be the second derivative of 1/12*n**4 - 1/60*n**5 - 3/2*n**2 - 1/6*n**3 + 15*n + 0 + 1/20*n**6. Let z(c) be the first derivative of p(c). Give z(1).
6
Let b(q) = -5814 + 2*q**2 + 2888 + 2865 + 28*q. Calculate b(-16).
3
Let w(q) = 2*q**2 - 27*q - 13. Let m(n) = 4*n**2 - 60*n - 26. Let y(i) = 6*m(i) - 13*w(i). What is y(-10)?
-97
Suppose v - 3*l + 4 = 0, -5553*v + 5555*v + 4*l + 48 = 0. Let b(y) = -y**2 - 16*y - 28. What is b(v)?
-28
Let a(l) = -12*l - 95. Let n(i) = 149*i + 3568. Let u be n(-24). What is a(u)?
1
Let w(q) = -2 - q - 3*q + 3*q. Suppose 3*d - 5*d - 3*y = -547, d - y - 286 = 0. Let h = d + -277. What is w(h)?
-6
Suppose 6*k - 25 = 53. Let x(s) = 0*s - 6*s + 2*s + k - s + 3*s. Calculate x(7).
-1
Let d(f) be the second derivative of 3*f**2 - 14*f - f**3 + 0 - 7/12*f**4. Let j(w) = 8*w**2 + 6*w - 6. Let h(l) = -7*d(l) - 6*j(l). Determine h(-5).
-11
Let l(c) = -c**2 + 8*c - 2. Let z(y) = y**3 - 3*y**2 - 3*y + 4. Let t be z(0). Give l(t).
14
Suppose -s - 100 = 2*r, -6*r = -3*r - s + 160. Let f be (-33)/(-4) + 3 + r/16. Let p(n) = 3*n - 12. What is p(f)?
12
Let c(s) = 3*s**2 + s - 3. Let r(g) = 16*g**2 + 3*g - 27. Let t(l) = 6*c(l) - r(l). Determine t(-2).
11
Suppose 0 = 28*f - 27*f + 2*r + 7, -6*f = 3*r + 69. Let q(c) = c**2 + 1. Let y(i) = i**3 + 15*i**2 + 14*i + 11. Let p(t) = q(t) - y(t). Give p(f).
3
Let m(t) = t - 2. Let x(j) = 2*j + 28. Suppose -10*l + 29*l + 285 = 0. Let g be x(l). Calculate m(g).
-4
Let w(l) be the first derivative of 2*l**3/3 - 9*l**2/2 - 6*l - 4. Let b(q) = q + 2. Let d be b(5). Determine w(d).
29
Let l(s) = 4*s**2 + 21*s - 8. Let g(u) = u**2 - 249*u + 5193. Let k be g(23). What is l(k)?
-13
Let t(j) = 5*j**2 + 6*j + 1. Let w(v) = 6*v**2 + 7*v + 1. Let u(s) = 7*t(s) - 6*w(s). Let p = -4570 + 4572. Calculate u(p).
-3
Let z be (2 - (-3 + -1))*(3 - 5). Let u(r) = -38*r + 36*r - 5 - 2 - 2 + 0. Determine u(z).
15
Suppose q = 3*g - 16, q + 2 - 18 = -5*g. Let f(c) = -2*c**3 + 8*c**2 - 3*c + 7. Calculate f(g).
-5
Let a(v) = -9*v - 46. Let t(o) = 14*o + 70. Let s(h) = 11*a(h) + 7*t(h). Let p(g) = -g + 4*g - 2 + 4*g**2 - g + g**3. Let j be p(-4). Calculate s(j).
-6
Let i(v) = -2*v**2 - 106*v + 1575. Let p be i(12). Let t(x) = 19*x - 276. Determine t(p).
9
Let a(z) = 4593*z**2 - 161 + 92 + 79 - 4592*z**2. Let b(w) = -w**2 + 5*w + 6. Let r be b(6). Calculate a(r).
10
Suppose 3*i + 2 = 26. Let r(f) = -f**2 - 12*f + 11. Let j(p) = -3*p**2 - 25*p + 23. Let n(z) = -2*j(z) + 5*r(z). Calculate n(i).
-7
Let t(g) be the second derivative of -g**4/6 + 4*g**3 + 19*g**2/2 + 1020*g. Determine t(13).
-7
Let m(x) = x**3 + 0 - 4*x**2 + 3 + 2*x - 4. Let d = -14551 - -14554. What is m(d)?
-4
Let i(o) be the first derivative of -7*o**3/3 - 17*o**2/2 - 3*o - 6. Let f(h) = -3*h**2 - 8*h - 1. Let u(r) = -9*f(r) + 4*i(r). Determine u(3).
0
Let k(z) = -98*z + 2*z**2 -